he highest common factor of p and 1216?
8
Suppose -14 = -5*z + 11. Suppose 0 = 2*j - 10, -2*t + z*j = 27. Let r be (3 + 0)*t + 153. Calculate the highest common factor of 15 and r.
15
Let j(m) = 41*m**2 + 2*m + 60. Let x be j(6). Calculate the greatest common factor of 172 and x.
172
Suppose -267*u = -97*u - 1279080. What is the greatest common divisor of u and 9?
9
Let g(k) = -9*k - 221. Let p be g(-25). Let m be p/(-3 - 1) + (313 - 0). What is the greatest common factor of m and 16?
8
Let z = 213 + 3876. Calculate the highest common factor of z and 261.
87
Let b = -25 - -58. Let f = b - 25. Suppose f*c = -0*c + 224. What is the greatest common factor of 112 and c?
28
Let i = -87 - -91. Let h be (-120)/(-9)*((-12)/i - -6). What is the greatest common divisor of 50 and h?
10
Suppose -3*r - 23*s + 20*s + 132 = 0, -4*r = -s - 201. Calculate the highest common factor of 63 and r.
7
Let h(f) = -f**3 - 11*f**2 - 20*f + 42. Let x be h(-8). What is the highest common factor of 1155 and x?
5
Suppose -3*q = -5*a - 1, a - 7 = -3. Suppose -62 = -q*c - 20. Calculate the greatest common factor of 120 and c.
6
Let s be 2072/24 + 3/(-9). Let x = 114 - s. What is the greatest common divisor of 448 and x?
28
Suppose -2*x = 3*x + 65. Let y(j) = 5*j + 29. Let i be y(x). Let p be (-1)/((-142)/i - 4). Calculate the greatest common divisor of 27 and p.
9
Suppose 3*f + 9 = 0, -5*n - 4*f + 379 = -2139. Calculate the highest common factor of n and 143.
11
Let k(f) = 3*f**2 - 3*f + 2. Suppose -a + 8 = -27. Let m = a + -32. Let n be k(m). What is the highest common factor of 60 and n?
20
Suppose -3*d = -66*c + 70*c - 1596, -2135 = -4*d - 3*c. Calculate the greatest common divisor of 32 and d.
8
Let a be (-2)/(-6) + (-77)/(-3). Let z = a + -20. Suppose -2*j - 48 = -z*j. Calculate the highest common factor of 3 and j.
3
Suppose 16*q - 18*q = 3*j - 20, -5*q = -5*j + 25. Suppose -9 + 0 = -3*f. Let x be ((-9)/(-5))/(f/15). Calculate the highest common factor of x and j.
3
Let p be ((-6)/8)/((-1)/(-60)). Let n be (-29)/(-4)*(6 + -10). Let m = n - p. What is the greatest common factor of 144 and m?
16
Suppose 4*a - 2*a + 80 = 2*y, 2*y - 89 = -a. Suppose 188 = z + y. Let o = -1253 + 1311. Calculate the highest common divisor of z and o.
29
Suppose -10*a + 3*a + 370 = 30*a. Calculate the greatest common divisor of a and 35870.
10
Let i = -144 - -90. Let a be 1/2*i/(-9). Suppose a*x - 2 = 46. What is the greatest common factor of 48 and x?
16
Suppose 0 = -3*m - 4*p - 337 - 62, 4*m + 560 = 4*p. Let s = 137 + m. Let r be (-1 + -2)/((-1 - s)*1). What is the greatest common divisor of 1 and r?
1
Let m = -49 + 73. Let x be (m/(-20))/((-9)/30). Suppose -7*s + 8*s = x. What is the greatest common factor of s and 4?
4
Let x = 5 - -4. Suppose 41*m = 37*m + 8. Suppose 0 = 5*t - 4*g - 31, g - 4 + m = -2*t. Calculate the greatest common factor of x and t.
3
Let l = 396 - -106. Suppose 9*t - 173 = l. What is the greatest common divisor of 375 and t?
75
Let x(g) = 3*g**3 - 126*g**2 + 6*g - 244. Let a be x(42). What is the greatest common factor of 3352 and a?
8
Let w(l) = -l - 15. Let v be w(-17). Let b be (-54)/13 + 168/(-91) + v. Let i be 4*(-17)/2*2/b. Calculate the highest common divisor of 17 and i.
17
Suppose p = -5*f + 7899, p - 27 + 33 = 0. What is the highest common divisor of f and 1275?
51
Suppose 0 = 2*d - 13 - 17. Let g = 43 - 61. Let p = g + 33. What is the greatest common factor of d and p?
15
Let h be -10*6/(-10)*(-645)/(-10). What is the highest common divisor of h and 10449?
387
Let o be 45 + 3*(66/18 + -1). What is the greatest common factor of 4 and o?
1
Suppose -3*w - 2*l - 5 = -25, -2*w - 4*l = -24. Suppose -w*f = 6*v - v - 371, 2*v + f = 149. Calculate the greatest common divisor of 60 and v.
15
Let z be 86*7/(140/2020). Calculate the greatest common factor of 1010 and z.
202
Suppose 14*z - 269 - 490 = 1397. Let j(y) be the first derivative of y**2/2 + 7*y + 2. Let k be j(7). Calculate the greatest common factor of z and k.
14
Let a = -206 - -235. Suppose 24 = -3*t - 0*t. Let s = t + a. What is the highest common divisor of s and 210?
21
Let r be 0 + (-2864)/26 - (-82)/533. Let n = 138 + r. What is the highest common divisor of 16 and n?
4
Let c(g) = 2*g + 17. Let l be c(-6). Let h(n) = 2*n + 16 - 38 + l + 1. Let d be h(18). What is the greatest common divisor of 10 and d?
10
Suppose -7980 = -13*o - 6*o. Let j = o + 56. What is the greatest common divisor of 28 and j?
28
Suppose -3241 = -12*t + 8387. What is the highest common divisor of t and 561?
51
Let z(n) = -150*n + 302. Let q be z(-2). Calculate the greatest common divisor of q and 344.
86
Let n be 260/(-45) - -9 - (-4)/(-18). Suppose -n*k - l + 37 = 0, -l - 43 - 4 = -3*k. What is the greatest common divisor of 49 and k?
7
Let y = 14115 - 13305. Suppose 2*i + 6 - 186 = 0. Calculate the highest common divisor of y and i.
90
Suppose -3*p = 4*j - 6660, 175*p + 3*j - 6654 = 172*p. Calculate the highest common factor of 84 and p.
28
Let z be (-4)/(((-20)/(-66))/(-5)). Suppose -32120 = -153*n + 7*n. What is the highest common divisor of z and n?
22
Suppose 37*v - 32*v - 75 = 0. Let w(d) = -152*d - 721. Let z be w(-5). Calculate the highest common factor of z and v.
3
Suppose 0 = a + 2*o - 3, 11*o - 10*o = 3*a - 9. What is the greatest common divisor of a and 2757?
3
Suppose 2605*b = 2597*b + 1024. Suppose 4*z - 11 = -3. Suppose -z*q = -0*q - 32. What is the highest common divisor of q and b?
16
Let k be (-75330)/378 - (-2)/7. Let q = 213 + k. Calculate the greatest common factor of 56 and q.
14
Suppose 177 = 5*f + 5*a - 2263, -504 = -f + 7*a. What is the greatest common factor of 240 and f?
10
Suppose 0 = -r - 4 + 5. Suppose m - 10 = z, -2*m + 21 = -3*z - r. Calculate the highest common factor of m and 52.
4
Suppose -n = 2*h - 1389, 59*h = 3*n + 68*h - 4155. Calculate the highest common factor of 11 and n.
11
Suppose 0 = c - 7*d - 127, 411 = 5*c + 27*d - 30*d. What is the greatest common factor of 9854 and c?
26
Let n = 9 + 46. Suppose -s + n = 4*s. Suppose -6*x + 3179 = 11*x. Calculate the highest common divisor of s and x.
11
Let d(q) = q**2 + 344*q - 11165. Let z be d(30). What is the greatest common factor of z and 225?
5
Let v = 273 + -272. Let o(i) = 7*i + 9. Let a be o(v). What is the greatest common factor of 72 and a?
8
Let q = 27 + -10. Let v be (-3)/((-15)/1250 + 0). Let j = v - 216. Calculate the greatest common factor of q and j.
17
Let l = -1519 - -1542. Calculate the highest common factor of 1633 and l.
23
Let y(c) = -4*c + 39. Let a be y(7). Suppose -16*o - 4*t + 172 = -a*o, 0 = -2*o + t + 74. What is the greatest common factor of 30 and o?
6
Let g be ((-1)/2 - -1) + (-163228)/(-344). Calculate the greatest common factor of g and 125.
25
Suppose -3*z + 8*g + 836 = 4*g, -3*g = -4*z + 1110. Suppose -z = -45*w - w. Suppose 4*p + 54 = 5*p. Calculate the greatest common factor of p and w.
6
Let k(v) = -v**3 + 10*v**2 - v - 7. Let j be k(10). Let g = j - -27. Suppose -3*z = c - g, 0*c + 2 = -c + 3*z. Calculate the highest common factor of 2 and c.
2
Let k be (6/4)/((-2)/(-64)). Let q(s) = 16*s**2 + 21*s - 209. Let p be q(8). Let j = 995 - p. What is the highest common divisor of k and j?
12
Suppose -684*r = -653*r - 10044. Calculate the greatest common factor of 3375 and r.
27
Let j(f) = f**2 + 12*f + 27. Let x(t) = -t**2 - 12*t - 27. Let s(h) = 4*j(h) + 3*x(h). Let y be s(-10). What is the highest common factor of 3 and y?
1
Let h be (74/259)/((-4)/(-28)). Let i be 1 - -1 - 1/(-1). Calculate the highest common divisor of i and h.
1
Let x be (-3012)/(-10) + ((-858)/(-110) - 9). Calculate the highest common divisor of x and 1350.
150
Suppose -27 = -2*u - 3*r - 98, 3*u - 3*r = -129. Let m be (u/60)/(58/(-54) + 1). Calculate the highest common factor of m and 5.
1
Let p be -7 + (-90)/(-12) + (-3)/(-2). Suppose 617 - 1649 = -5*k - 3*a, 420 = p*k + 3*a. Calculate the highest common factor of k and 24.
12
Suppose 5*j + 1 = 16. Suppose y - 98 = j. Let p = y + -50. Calculate the greatest common divisor of p and 408.
51
Let i = -606 - -730. What is the greatest common factor of i and 16?
4
Suppose -3*a + 2*z + 1456 = 0, -3*a - 2*z + 1460 = -0*a. Suppose -p + 1014 = a. What is the highest common divisor of p and 11?